g(-2)?
6
Suppose 5*c - 5756 = 6*v - 8*v, -2*c = -4*v + 11536. What is the units digit of v?
3
Let p = 289 - 285. What is the hundreds digit of 0 + (-2)/p + 7008/64?
1
Suppose 105*t - 476406 = 48*t + 48*t. What is the units digit of t?
4
Let q(i) = i**3 + 5*i + 78. Let j be q(0). Suppose 30*v - 3*b = 31*v - j, 10 = -5*b. What is the tens digit of v?
8
Let l = 24 - -3. Let c = l - 41. Let s = c - -22. What is the units digit of s?
8
Let f(i) = 5412*i - 335. What is the ten thousands digit of f(2)?
1
Suppose 2*u = -u - 2*z + 42483, -14139 = -u + 3*z. What is the hundreds digit of u?
1
Suppose 0 = -3*o + 4*p + 130813, -3*o + 234*p + 130778 = 235*p. What is the thousands digit of o?
3
Suppose 3702 = -69*u + 154260. What is the thousands digit of u?
2
Let c = 18022 + -6861. What is the hundreds digit of c?
1
What is the units digit of 426540/25*5/3?
6
Let j = -40 + 43. Let s(p) = -17*p**2 + 135*p**j - 5 - 8*p - 137*p**3 + 17*p. What is the tens digit of s(-10)?
0
Let v(h) = 12*h**2 - 56*h - 1829. What is the hundreds digit of v(51)?
5
Suppose 66 = 14*o - 60. What is the hundreds digit of 5493/o + (-10)/(-6)?
6
Let z(d) = -46*d + 5. Let w be z(-9). What is the tens digit of w + -5 + 1 + 4?
1
Let k be (816/170)/(2 - 17/10). What is the hundreds digit of -566*(-2)/k*4?
2
Let f = 47628 + -22577. What is the thousands digit of f?
5
Suppose 5*w - 16 - 4 = 0. Suppose w*y + 5*n - 371 = 0, -18 - 71 = -y - 2*n. What is the units digit of y?
9
Suppose 2*r - 827 = -k, -773 = -5*r - 3*k + 1295. Suppose 4*f - 2945 = -r. What is the units digit of f?
3
Let r = 3702 + -1323. What is the hundreds digit of r?
3
Let h = 29244 + 2497. What is the units digit of h?
1
Let f(x) = -60*x + 136. Let l be f(2). Let k(a) = a + 12. Let z be k(-5). Suppose -w + l = -z. What is the tens digit of w?
2
Let q = -7523 + 13551. What is the thousands digit of q?
6
Let l(b) = -47*b + 90. Let g be l(8). Let a = 26 - g. What is the units digit of a?
2
Let b(m) = -10*m**2 + 7*m + 1. Let i be b(4). What is the tens digit of (1 - i)*2 - (38 + -41)?
6
Let m(x) = 97*x**2 + 12*x - 20. Let r be m(2). Suppose -3*t - 4*j + 4431 - r = 0, 4*t - 5360 = j. What is the thousands digit of t?
1
Suppose 5*p - 4*b - 118 = 0, -3*p + 3*b + 74 = -b. Suppose -2*l = -p + 18. Suppose l*r - 189 - 149 = 0. What is the hundreds digit of r?
1
What is the hundreds digit of 13*((-7 - 17/((-51)/4122)) + 7)?
8
Let m(k) = 3*k**3 + 61*k**2 + 42*k - 131. What is the thousands digit of m(20)?
9
Suppose 539*u + 575*u + 817745 = 1155*u. What is the tens digit of u?
4
Let l = -217 + 133. Let o = 43 + l. Let d = 178 - o. What is the units digit of d?
9
Let w(u) = -13*u + 0*u**3 - 3*u - 1 - 14*u**2 + u**3 - 7. Let t be w(15). What is the units digit of t/(0 - 4/8)?
6
Suppose -5*o + 0*k = 5*k + 15, -4*o = 3*k + 13. Let j be -1 + (o - (-3 - 2)). Suppose j = 3*r - 42 - 39. What is the units digit of r?
7
Suppose 7*k - 17402 = 11486 + 23899. What is the tens digit of k?
4
Let n = 7757 + -953. What is the hundreds digit of n?
8
Let t(d) = 2*d**2 - 59*d - 28. Let n be t(30). Suppose 5*s + n*q - 6*q = 1901, -3*q = 12. What is the units digit of s?
7
Let a(r) = r**3 - 109*r**2 - 143*r + 3991. What is the hundreds digit of a(110)?
3
Suppose -1805844 = -77*y + 1081348. What is the units digit of y?
6
Suppose 44 - 14 = 5*v. Let m(f) = 2*f + f**3 - 8 - 5*f - 2*f**2 + f**2 - v*f**2. What is the units digit of m(8)?
2
Let l(h) = 3*h**2 + 3*h + 3. Let u = 17 + -16. Suppose -4*y - u = -2*t - 11, y - 20 = -3*t. What is the units digit of l(t)?
3
Let q(g) = -7*g + 257. Let n be q(0). Suppose -2*l + 97 + n = 0. What is the units digit of l?
7
Let t = 21 - 22. What is the units digit of t - 105/(-91) - 2412/(-39)?
2
Let f be 5 + 60/(-8) + (-3)/6. What is the units digit of 7 - -1229 - (-5 - (-3 - f))?
1
Let p = 384 + -380. Suppose -6*t + p*j + 41 = -t, 5*j + 13 = 2*t. What is the units digit of t?
9
Let m(n) = 6*n - 99. Suppose x - 5*y = -5, -x - 5*y + 5 = 4*x. Let o be m(x). Let q = -47 - o. What is the tens digit of q?
5
Suppose -4*j - 35 = -11*j. Suppose -2*b - 4*u + u = -330, b + j*u = 172. What is the units digit of b?
2
Suppose 208 = 2*c + 6*c. Suppose -c*h = -32*h + 3966. What is the units digit of h?
1
Suppose 7*d - 29 = -1. Suppose d*j = 19 + 37. What is the tens digit of j/(-21) - (-610)/6?
0
Suppose -2*f + x = -10205, -315*f + 319*f - 20385 = -3*x. What is the units digit of f?
0
Suppose -2*c + 6*c - 4 = 0. Let k be (-3)/(c*(-3)/27*3). What is the hundreds digit of (-6)/k - (-377)/3?
1
Suppose 0 = -2*j - 5*z + 20, -3*j + 2*z = -2*z - 7. Suppose j*p + h = -2, -3 - 7 = p + 5*h. Suppose p = -7*w + 5 + 177. What is the tens digit of w?
2
Suppose 9*u = 2137 - 33088. Let a = 5129 + u. What is the units digit of a?
0
Let f(d) = 15*d**3 + 25*d**2 + d + 20. Let v(k) = 13*k**3 + 26*k**2 + 2*k + 17. Let h(x) = -6*f(x) + 7*v(x). What is the units digit of h(-9)?
0
Let g(a) = -23*a - 9. Suppose 18*k = 23*k + 10. Let j be -14 + 8 - (1 + k). What is the hundreds digit of g(j)?
1
What is the tens digit of (330906/2096)/((-2)/(-496))?
5
Suppose -8*w - b = -20712, -3*w + b + 0*b + 7767 = 0. What is the thousands digit of w?
2
Suppose 0 = -5*i + 3*k - 2563 - 4065, -5*k + 1330 = -i. Let o = -930 - i. What is the units digit of o?
5
Let v(n) = 334*n**2 - 2*n - 3. Let x be v(-1). Let p = x - -315. What is the units digit of p?
8
Let s(t) = -28*t - 101. Let l be s(-16). Suppose -l - 583 = -6*q. What is the units digit of q?
5
Suppose -126 = 3*g - 45*g. Suppose -2577 = -g*y - 129. What is the units digit of y?
6
Let m(o) = o**3 + 10*o**2 - 12*o + 7. Let a = 2 - 6. Let j be -12 + (-1 + a)/(-5). What is the units digit of m(j)?
8
Let v = 54669 + -25058. What is the tens digit of v?
1
Let u = 24520 - 8104. What is the thousands digit of u?
6
What is the tens digit of ((-162)/(-12))/((-11)/(-6820))?
7
Suppose -9*l + 181 = -1385. What is the hundreds digit of (49/7 - 2) + l?
1
Let w = 32473 - 14756. What is the hundreds digit of w?
7
Suppose -5*t + 5*g + 64030 = 0, 379*g + 64045 = 5*t + 377*g. What is the hundreds digit of t?
8
Let d = 1588 + 3181. What is the tens digit of d?
6
Let x = -513 + -1018. Let n = 2166 + x. What is the hundreds digit of n?
6
Let y be (23 - -10) + (-1 - -2). Let m = 178 + y. What is the hundreds digit of m?
2
Suppose 7*j - 38 + 10 = 0. What is the units digit of -18*j/(-72)*4?
4
Suppose -5*s + 4*m = -2, -2*m + 0*m - 4 = -4*s. Suppose -1562 = -5*w + 4*y, -y - 951 = -s*w - 328. What is the units digit of w?
0
Suppose -3*c = 15*w - 666657, -19*c + 18*c = -5*w + 222211. What is the tens digit of w?
4
Suppose -4*d + 313 = -4771. Let o = d - 884. What is the units digit of o?
7
Let x be (26/4)/((-40)/(-80)). What is the tens digit of (78/12)/x*178?
8
Let v = 31 + -28. Suppose 62 = -5*t - 5*x - 213, -v*t - 2*x = 162. What is the units digit of ((-302)/(-7))/(2 - t/(-28))?
2
Let v = -66287 - -131678. What is the ten thousands digit of v?
6
What is the hundreds digit of (84 - 80) + -1 + 2653?
6
What is the hundreds digit of (189644/728)/((-2)/(-500))?
1
Suppose -506 - 268 = -2*b + 4*r, 3*b + 5*r - 1216 = 0. Suppose -b = -4*w - 3*j, -5*w + j = -w - 385. Suppose 4*h = 5*h - w. What is the units digit of h?
7
Let v = 21381 - -6261. What is the units digit of v?
2
Let b = 1324 + 9531. What is the ten thousands digit of b?
1
Let f(h) = -h**3 - h**2 - h + 6. Let m be f(0). Suppose 0 = m*u - 1660 - 1826. What is the hundreds digit of u?
5
Let i(d) = -8*d + 2. Let v be i(-4). Suppose -5*n + 5*z = -225, -5*z = -n - 2*n + 149. Let x = n - v. What is the units digit of x?
4
Let d be (4/8)/((-4)/(48/(-2))). Suppose 0 = 2*m + k - 9, d = -2*m - 2*k + 13. What is the units digit of 2615/13 + 1*m/(-26)?
1
Let u be (-2 - -1)/(4/7812*-1). Suppose 0 = 5*j - 4*j + 4*m - 405, 0 = -5*j - 2*m + u. Suppose j = 4*c - 299. What is the units digit of c?
2
Suppose 14*c = 10*c - 352. Let z = 374 + c. What is the tens digit of z?
8
Let l be ((-3)/3)/((-2)/(-34)). Suppose n + 16 = -5. Let x = l - n. What is the units digit of x?
4
Suppose 329 = i - 2*c, 0 = -5*i + 2*c + 2790 - 1137. What is the hundreds digit of i?
3
Suppose 886 = 5*j - a, -3*j + 7*a = 2*a - 536. Let r = j - 80. What is the units digit of r?
7
Suppose -o + 13 = 5*c, 0 = -5*o - 0*c - 3*c + 43. Let l(z) = 10*